is d(h)?
-21
Let l(w) be the second derivative of w**3/3 + w**2/2 - 596*w. Determine l(4).
9
Let s(u) = 4 + 15766*u**2 - 15765*u**2 + u**3 + u - 3. Let b be (-33)/(-5) + 2/5 - 3. Suppose b*m + 12 = 5*h, 5*m + 0*h + 2 = 3*h. Determine s(m).
15
Let d(a) = 22*a - 65. Suppose 23*y + 12 = 2*i + 22*y, -2*i + 3*y + 24 = 0. Calculate d(i).
1
Suppose -105 = -13*g + 48*g. Let t(d) = -10*d - 21. Calculate t(g).
9
Let i(l) = -2*l**2 + 10*l - 6. Let y be i(6). Let v = y - -20. Suppose -3*w = x - 0*x - 1, 4*w = -v*x + 4. Let m(j) = -j**2 + j. Give m(w).
-2
Let j(p) be the third derivative of -25*p**4/24 + 5*p**3/3 + 1973*p**2. Give j(4).
-90
Let v(a) = 3*a + 36. Suppose -5*b - 70 = 5*y, -2*y - 126 = -118. What is v(b)?
6
Let w be (((-84)/18)/(-7))/(1/(-3)). Let q = 97 + -95. Let l(x) = -2*x + 0*x + 0*x**3 - 1 - x - x**2 - q*x**3. What is l(w)?
17
Let b(c) = -2*c**3 - 4*c**2 + 7*c - 4. Let n(f) = -f**3 + 36*f**2 - 68*f - 3. Let p be n(34). Calculate b(p).
-7
Let j(w) = -11*w - 1. Let l = 4902 + -4904. Determine j(l).
21
Let v be (-32)/(-6) + (-2)/(-3). Let y be 1/(-4 + 3) - v. Let w(d) = 43*d + 2 + 5 - 90*d + 48*d. Determine w(y).
0
Let n = 45 + -87/2. Let z(w) be the first derivative of 18 + n*w**2 - 7*w. Give z(5).
8
Let v(c) = -c**2 - 5*c - 3. Suppose -6*t + 2*z - 27 = -t, -5*z = -5*t - 15. Let u = t + 6. Let l be (0 + 4/12)/(u/6). Calculate v(l).
3
Let c = 8 + -5. Let s(k) be the third derivative of -k**5/30 - k**4/24 - k**3/3 - 119847*k**2. Give s(c).
-23
Let m(w) = 2*w**2 + 3*w + 21. Let x(l) = 8*l**2 - 349*l - 136. Let h be x(44). Determine m(h).
41
Let h(z) = 2*z - 2. Let j(c) = -3*c + 2. Let b(g) = -5*h(g) - 7*j(g). Give b(-5).
-59
Let t(l) = -5*l**3 + l**2 - l + 5. Let n(m) be the first derivative of 0*m**3 + 0*m**2 - m - 5 + 1/4*m**4. Let a(h) = -11*n(h) - 2*t(h). Give a(-3).
4
Suppose 4*f - 20 = 2*p, -31 + 5 = 5*p + 2*f. Let w = 10 - 8. Let g(u) = u**3 + 5*u**2 - 8*u + w*u**3 + 6*u**3 + 4 - 8*u**3. Give g(p).
16
Let b(i) be the first derivative of 2*i**3/3 - 3*i**2 - 4*i - 6. Suppose -4*l + 41 = 25. Suppose l*q + 20 = 4*a, -5*q - 15 = -3*a - 7*q. Determine b(a).
16
Let f(p) = -3*p**3 + 20*p**2 + 23*p - 37. Let v(t) = -t**3 + 7*t**2 + 8*t - 13. Let k(j) = 3*f(j) - 8*v(j). Give k(5).
-7
Let x = 37738 + -37738. Let m(u) = -2*u**2 - 13*u. Give m(x).
0
Let t be (2/6 - 3984/(-1494))*(-14)/3. Let r(l) = -l**2 - 12*l + 25. Determine r(t).
-3
Let l(t) = 187341*t + 19 + 12 - 187343*t + 4*t**2 - t**3. Give l(5).
-4
Let j(w) be the second derivative of -w**6/360 + 7*w**5/120 - w**4/3 - w**3/3 + 57*w**2/2 + 2*w + 15. Let b(l) be the second derivative of j(l). Calculate b(7).
-8
Let m(r) be the second derivative of r**4/12 - 3*r**3/2 + 3*r**2 - 11*r + 16. Suppose 3*d + 35 = 8*d. Calculate m(d).
-8
Let y(x) = x. Suppose -66 = c + c + 2*d, -c - 3*d - 43 = 0. Let o = c + 37. Let t be y(o). Let b(k) = -k**3 + 8*k**2 + 10*k - 7. Determine b(t).
2
Let m(l) = -l**3 - 4*l**2 + 3*l - 2. Let x(q) = 21*q + 311. Suppose 0 = 101*d - 102*d - 15. Let b be x(d). Determine m(b).
-14
Let d(t) = 30 - 101 + 17*t - 7*t + 45 + 39. Calculate d(4).
53
Let a(w) = w**3 - 4*w**2 - 13*w + 1. Let v(i) = -4*i**2 + 205*i + 369. Let p be v(53). Calculate a(p).
3
Suppose -6*v + 3*v + 21 = 0. Suppose 3*r - v = x, -2*x + 0 + 18 = 2*r. Let b(f) = -f**2 + f + 3. Calculate b(r).
-9
Let z(l) be the first derivative of 1/2*l**2 - 38 - 2/3*l**3 + 0*l - 25/4*l**4. What is z(1)?
-26
Let s be (1 - 8)*24/(-14). Let g(j) = -73*j**3 + 425*j**2 + 7*j - 12. Let o(v) = 61*v**3 - 356*v**2 - 8*v + 12. Let n(a) = 5*g(a) + 6*o(a). Calculate n(s).
0
Let l(d) be the second derivative of d**3 - 77*d**2 + 2836*d. Give l(26).
2
Let m(r) = r**3 - 7*r**2 - 9*r + 4. Suppose -5*i - 4*u = -30, i = u + u + 6. Let j(o) = o**2 + 26*o + 2. Let l be j(-26). Suppose -c = -i - l. What is m(c)?
-4
Let v(o) = 22*o + 1 - 2*o**2 - 21*o - o**2. Let p(l) = l**3 + 10*l**2 + 4*l - 36. Let f be p(-9). Let q be f/(-12) + 3/(-12). Give v(q).
-3
Let f(g) = -g**3 - 14*g**2 - 4*g - 12 + 5*g + 3 + 19*g**2. Let y be f(5). Let z(a) = 3*a**2 - 7*a - 211 - a**2 + 205 - 3*a**2. Calculate z(y).
6
Let g(i) = -2 - 808*i - 813*i - 813*i + 2435*i. Let d(l) = -2*l + 2. Suppose -4*n = -j + 3, 0 = -2*n - 3*j - 22 + 3. Let p(w) = n*d(w) - 3*g(w). What is p(-3)?
-1
Let s(r) = -2*r**2 - 2*r + 7. Let z(d) = 2*d**2 - 5*d - 3*d**2 + 8*d - 6*d + 6. Let j(w) = -2*s(w) + 3*z(w). Suppose 5*a - a - 16 = 0. Give j(a).
0
Let d(r) be the third derivative of r**5/60 - 5*r**4/24 - 7*r**3/6 - 64*r**2 + 32*r - 1. Calculate d(-3).
17
Let f be ((-1 + 1)/(-1))/2. Let t(d) = -60*d + 31*d + 10 + 27*d + d**3. Let u(b) = 3*b**3 - 5*b + 21. Let a(v) = 5*t(v) - 2*u(v). What is a(f)?
8
Let w(s) = 2 + 2 - 216*s - 215*s + 2 + 433*s. Give w(-8).
-10
Let m = -4911 + 9823/2. Let s(z) be the first derivative of m*z**2 + 4*z - 18. What is s(-8)?
-4
Let p be (0 + 4 - 20)/1. Let j = 2 + p. Let q be 36/42 + (-2)/j. Let n(m) = 4*m. Determine n(q).
4
Let y(h) = -h**2 + 2*h. Let i(f) = -2*f**2 + 4*f - 1. Suppose 2*x + 38 = -4*q, -6*x + 2*q - 47 = -x. Let g(c) = x*y(c) + 6*i(c). Calculate g(5).
-21
Let v(p) = 50*p + 1. Let q(k) = -10*k. Let m(r) = 11*q(r) + 2*v(r). Let s be (1*10)/(-2)*(-3)/5 + -5. Determine m(s).
22
Let f(q) = 26 - 47*q + 51*q - 2*q**2 + 7*q + q**2 + 2*q**2. What is f(-6)?
-4
Let i(t) = 9*t**2. Suppose -6*y - 45 + 69 = 0. Suppose 142 - 146 = y*o. Give i(o).
9
Let z(w) = -131 + 133 - w + 3*w**2 - 7*w. Let m = 0 - -3. What is z(m)?
5
Suppose 48*h - 165 = 15*h. Let c(j) = j**2 - 8*j - 4 - 8 + 13. What is c(h)?
-14
Suppose -5*f + 27 = -3*f - v, -f + 2*v = -18. Suppose -f - 14 = 13*x. Let o(d) = 3*d - 3. Let r(i) = 2*i - 2. Let q(m) = -3*o(m) + 5*r(m). What is q(x)?
-3
Let i be -4*27/(-72)*2*-1 - -23. Let m(j) = 3*j - 28. What is m(i)?
32
Suppose -6*k = -2*k - 40. Suppose -k*t + 0*t - 430 = 0. Let p = t + 39. Let r(q) = -q**2 - 5*q. Determine r(p).
4
Let j(k) = 5*k**2 + 6*k + 8. Let x = 81 + -120. Let v = x + 43. Let m(n) = -6*n**2 - 6*n - 9. Let o(d) = v*m(d) + 5*j(d). Calculate o(-4).
-4
Let i(d) = -4*d + 3. Let w be -1 - 2/(2/25). Suppose 4*f + 94 = -v + 3*v, -4*f + 5*v = 103. Let q = f - w. Give i(q).
-13
Let t(w) = -w**3 + 6*w**2 - 5*w + 2. Let q be (-196)/(2*(-5)/10). Let u be (-2)/(-14) - 1204/q. Let d be (4 - 36/8)*u. Calculate t(d).
14
Let h(l) = 3*l - 2. Let b(q) = 5*q**3 - 63*q**2 + 33*q + 25. Let u be b(12). Calculate h(u).
-35
Let t(a) = -6*a**2 + 6*a. Let u(f) = -2*f**2 + 2*f. Let d(n) = 5*t(n) - 14*u(n). Let i(v) = -59*v + 1. Let g be i(-1). Let z be g/(-50)*(-20)/6. Determine d(z).
-24
Suppose -5*u + 52 = -2*v - 573, 4*v = 5*u - 635. Let s = 125 - u. Let y(j) = 7*j**2 + j - 1. Calculate y(s).
29
Let l = 15 - 29. Let o(c) be the third derivative of c**6/120 + 7*c**5/30 - c**4/24 + c**3/2 - 78721*c**2 + 2*c. Determine o(l).
17
Let u be (182/(-112))/((-2)/16). Suppose -21 = 3*r - 63. Let p(j) = -u*j - 14*j - r*j + 35*j. Give p(-2).
12
Let k(d) = -d**2 + 10*d - 1. Let v(n) = -n + 10. Let y(w) = -5*w + 40. Let u(o) = -25*v(o) + 6*y(o). Let x be u(14). Let h = x + 90. What is k(h)?
-1
Let v(y) = -18*y**3 - 2*y + 1. Let s(d) = 9*d**2 + 4*d**2 - 6*d**2 - 6*d**2. Let h(r) = -2*s(r) - v(r). Suppose 9 = 3*n, 5*t + 0*n + 3*n = 14. Determine h(t).
17
Suppose 1211*v = 1203*v. Let a(z) be the third derivative of -1/6*z**3 + v + 7/24*z**4 + 0*z + 1/120*z**6 + z**2 - 7/60*z**5. Calculate a(6).
5
Let x(r) = 3*r**3 + 2*r**2 + r + 11. Let w(y) = 8*y**3 + y + 5 + y**2 - 16*y**3 + 9*y**3. Suppose 8 = -a + 6. Let f(t) = a*x(t) + 5*w(t). What is f(-2)?
9
Let n(x) = 5*x**3 + 13*x**2 - 4. Let a(i) = -2*i**3 - 6*i**2 + 2. Let m(b) = 7*a(b) + 3*n(b). Let u be 16/(-4)*6/(-12). Determine m(u).
-2
Let i(v) = v**3 - 6*v**2 + 7*v - 7. Suppose 5*h = 3 - 88. Let w = -15 - h. Suppose d - 24 = -4*g, 0*g + w*d - 13 = -g. Give i(g).
3
Let p(l) = l**3 + 11*l**2 - 7*l - 48. Let v = 11388 + -11399. What is p(v)?
29
Let j(p) be the third derivative of 0 + 1/6*p**3 + 1/120*p**6 + 11/60*p**5 + 0*p + 5/12*p**4 + p**2. Let q = 4297 + -4307. Give j(q).
1
Let q(s) = -s**2 - s - 1. Let k(v) = 3*v**2 - 8*v - 5. Let d(y) = k(y) + 2*q(y). Give d(3).
-28
Suppose 88*p = 79*p + 108. Let t be (-6 + 6)*(-2)/p. Let c(k) = -k**2 + k + 1. Determine c(t).
1
Let p(b) = 2*b**2 - b + 9. Suppose 3*o - t = 7, 4*t - 14 = 4*o - 18. 